et q(w) be the third derivative of w**6/120 + w**5/10 - w**4/8 - 5*w**3/2 - 25*w**2. Calculate q(-6).
3
Let d(g) = 4*g - 136. Let y be d(34). Let n(h) = -h**2 + 1. Give n(y).
1
Let b be (3/6)/(1/2). Suppose 50 - 14 = 3*g. Let x(y) = 2*y + g*y**2 - 7 - 14*y**2 + 6. Calculate x(b).
-1
Let t(n) = -5*n. Let z = -7 + 6. Let g be t(z). Let m(a) = 5*a**3 - a**2 - a + 2. Let b(s) = 14*s**3 - 4*s**2 - 3*s + 7. Let f(i) = 4*b(i) - 11*m(i). Give f(g).
1
Let q(w) be the third derivative of w**8/6720 + w**7/504 + w**6/180 - w**5/40 + 3*w**4/8 + 8*w**2. Let u(g) be the second derivative of q(g). Calculate u(-4).
-3
Suppose 0 = -5*t - 4*y + 21, 4*y + 23 = 4*t + y. Let m(x) = -44*x**2 - 9*x + 3. Let h(a) = 23*a**2 + 5*a - 2. Let u(n) = t*h(n) + 3*m(n). Calculate u(-1).
-16
Let c(p) = 5 - 3*p - 3 + 1. Suppose -2*n - n - 2*h = -34, 0 = 4*n + 4*h - 40. Let v = 16 - n. Calculate c(v).
-3
Let a(i) be the third derivative of -i**6/120 - i**5/12 + i**4/3 - i**3/3 - 44*i**2 + 1. Determine a(-6).
-14
Let s(c) = 3*c - 42. Let o(d) = d - 10. Let q(l) = 9*o(l) - 2*s(l). Give q(5).
9
Let d = 1 + 0. Let a be 96/36 + (-2)/3. Let b(t) = -1 + t + 1 - 2*t - t**3 + t**a. What is b(d)?
-1
Suppose 5*h + 26 = -4*t, 0 = 4*h + 1 + 7. Let a(c) = 3*c**2 + 4*c - 3. Give a(t).
29
Let y(o) = 3 + 2274*o**3 - 1136*o**3 - 1140*o**3 - 2*o**2. Calculate y(-3).
39
Let x(z) = -3*z**2 + 4*z - 2. Let v = -140 - -142. What is x(v)?
-6
Let n(f) = -5*f + 7. Let u be n(-5). Let c = u + -33. Let x(t) be the second derivative of t**5/5 - t**4/6 - t**3/6 - t. What is x(c)?
-5
Let n(t) be the second derivative of t**3/6 - 9*t**2/2 + 103*t + 2. Give n(0).
-9
Suppose -z - 5*d = -0*d - 22, 2*z - d = 0. Let u(o) = 12*o + 16. Let f(b) = 1 + b + 3 + 2*b. Let c(w) = z*u(w) - 9*f(w). Calculate c(-4).
8
Let p(t) be the first derivative of -5*t**3/6 + 2*t**2 + 3*t - 10. Let z(b) be the first derivative of p(b). Suppose 3*m + 3 = 4*m. Calculate z(m).
-11
Let j(p) = p**2 - 5*p - 8. Let r be (-41)/(-7) + 2/14. Calculate j(r).
-2
Let x(d) = d**3 - 2*d**2 + 2*d - 1. Let q be x(1). Let w(i) = -2*i**3 + i - 9. Calculate w(q).
-9
Let z(v) = -v**3 + 4*v**2 - v - 2. Let m be z(3). Suppose -l = -3*c + m, -l - 1 = l + c. Let b be l/(28/16 - 2). Let y(d) = d**3 - 4*d**2 - d - 2. What is y(b)?
-6
Let p(y) = -y**2 + 3*y - 2. Let o be ((-4)/14 + 12/21)*7. Suppose -o*t = -s - 11, -4*t = 2*s - 6*s - 28. Determine p(t).
-6
Suppose i - 5*a - 23 = -i, 0 = 5*i + 5*a - 40. Let p = -10 + i. Let h(w) = -5*w + 1. Give h(p).
6
Let m(h) be the third derivative of h**6/60 + h**5/15 + 5*h**4/24 + h**3/3 + 467*h**2. Calculate m(-3).
-31
Let q(d) = -d**3 + d**2 - d + 23. Let t(f) = -29*f + 116. Let b be t(4). Give q(b).
23
Suppose 2 - 11 = -3*b + 5*h, 0 = b + h - 3. Let j(i) = -2*i - 5*i**2 + i**3 - 1 - b*i - 2. Let d = 42 + -36. Determine j(d).
3
Let p(n) = -17*n + 9*n - 34 + 6*n. Let c be p(-17). Let t(l) = -l - 4. Calculate t(c).
-4
Let w(a) be the first derivative of -a**3/3 - a**2/2 + 4*a - 3. Suppose p = 2*f - 4, 0*p = 4*f - p - 4. What is w(f)?
4
Let v be -1*(-6 + 1)*(9 - 10). Let q(m) = -2 - 3 - m**2 + m**3 + 5*m**2 - 4*m. What is q(v)?
-10
Suppose 5*w - z = 6, 3*w - 2*z = -w. Let h be 1/((-5)/w)*-5. Let q(t) = -3*t + 1. Calculate q(h).
-5
Let t(o) = -33 + o**3 + 3*o + 0*o**3 + 30 - 3*o**2. Let h be t(3). Suppose h = 4*k + 14. Let r(s) = s**2 + s + 2. Determine r(k).
4
Let p(q) = -q**3 + 8*q**2 + 3*q - 67. Let u be p(7). Let b(a) = a - 3. Calculate b(u).
0
Let g(w) = w - 8. Suppose 10*c = 5*c. Suppose -16 = 2*t + 2*f, 2*t + 3*f - 3 + 20 = c. Let i = 7 + t. What is g(i)?
-8
Suppose 0 = 4*t - t. Suppose 5*n - 1 = a - 4*a, 4*a - n - 9 = t. Let x(z) = -3 + 2 - 14*z + a*z**2 + 13*z. What is x(-1)?
2
Let s(c) = 5*c. Let b(x) = -2*x + 30. Let v be b(13). Suppose -6*j + v*j = -6. What is s(j)?
15
Let l(t) = -3*t + 1. Let c be (7 + 0)/((-273)/(-585)). Calculate l(c).
-44
Let c(t) = -2*t - 21. Let a be (-561)/165 - (-24)/(-15). Calculate c(a).
-11
Let d(b) be the second derivative of b**5/20 + b**4/12 - 4*b**2 - 10*b. Determine d(0).
-8
Let f(g) be the second derivative of g**3/6 + 3*g**2 + 11*g. Calculate f(7).
13
Let q(u) = -3*u**3 + 4*u**2 + 8*u + 68. Let v(y) = y**3 - y**2 - 3*y - 23. Let a(o) = -6*q(o) - 17*v(o). What is a(7)?
4
Let p(g) = g**3 + g**2 - 3*g + 5. Suppose 6*s + 0*s = -8*s. What is p(s)?
5
Let x(l) = -l**2 + 16*l - 13. Let c be x(14). Let h(u) = 14*u + 3*u**2 + 0*u**3 + u**3 - c*u. Give h(-3).
3
Suppose -15*a + 16*a = 5. Let k(q) = -q**3 + 5*q**2 + 2*q + 6. Give k(a).
16
Let j = 36 + -31. Let v(r) be the first derivative of -5 + 1/3*r**3 + 6*r - 4*r**2. Determine v(j).
-9
Suppose -5*w + z = -2*z - 11, 4*z - 12 = 0. Let f(c) = -5 - c**3 + 4*c + 6*c - 3*c - 2*c + 3*c**2. Calculate f(w).
-1
Let z(w) = -2*w + 1. Let v(g) = g**3 + g**2 - 15*g + 26. Let i be v(-5). Determine z(i).
-1
Suppose n + 5*w - 3*w + 1 = 0, -1 = n + w. Let s be (6/(-5 - -2))/n. Let g(f) = 0*f**2 + 0 - s*f + 4 + f**2 + 2*f**2 + f**3. Give g(-4).
-4
Suppose -3*l + 245 = 254. Let t(k) = k**2 + 6*k + 4. Calculate t(l).
-5
Suppose -5*j = -8*j + 6. Let m(q) = -q**2 + 8*q**j + 2*q + 3*q**2 + 1. What is m(-1)?
9
Suppose 3*x - 10 = t + 1, 3*t = -2*x. Let u be 3 - 0 - (t + -8). Let z = 14 - u. Let a(i) = -6*i**3 - 2*i**2 + 2*i - 1. Give a(z).
-7
Suppose 47 - 11 = 9*h. Let w(k) = -k**2 + 4*k + 5. What is w(h)?
5
Let l(g) = 9 + g**3 - 4 - 3*g**2 + 2*g**2 - g. What is l(0)?
5
Let h(i) be the third derivative of -1/8*i**4 + 0*i + 1/6*i**3 - 10*i**2 + 0 - 1/60*i**5. Determine h(-4).
-3
Let q(l) = -l**3 + 5*l**2 + l - 4. Suppose -4*d + 16 = 0, -o - 26 = -5*d - 10. Let a be 3 + o/(5 + -3). Give q(a).
1
Let w(f) = -f**2 - 4*f + 47. Let i be w(-9). Let c(o) = -10*o**2 - 2. What is c(i)?
-42
Let k(o) = -13*o + 7. Let l(m) = 11*m - 7. Let j(c) = -6*k(c) - 7*l(c). Give j(8).
15
Let l(x) be the second derivative of x**4/12 + 5*x**3/6 - 5*x**2/2 - 4*x + 1. What is l(-5)?
-5
Suppose -2*l - 4*v + 10 = 0, 2*l - 2*v = -0*v + 16. Let h(x) = -6*x**2 - 24*x + 26. Let s(n) = n**2 + 5*n - 5. Let i(m) = -2*h(m) - 11*s(m). What is i(l)?
3
Let i(b) be the second derivative of -b**5/120 + 13*b**3/6 + 13*b. Let x(v) be the second derivative of i(v). Suppose 5 = -5*c - 0*c. What is x(c)?
1
Suppose -11*x + 1499 - 1554 = 0. Let v(p) = 3*p - 3. What is v(x)?
-18
Suppose 0 = -3*x + 3, 0*x = 3*l + 5*x + 4. Let k(t) be the first derivative of -3/2*t**2 - 1/3*t**3 - 3*t - 3. Give k(l).
-3
Let c(b) be the first derivative of 0*b**2 + 7*b + 1/6*b**4 + 6 - 7/20*b**5 - 1/6*b**3. Let q(h) be the first derivative of c(h). Calculate q(1).
-6
Let t(r) = 5*r - 14. Let n(p) = 17*p - 41. Suppose 5*j + 17 = -18. Let d(c) = j*t(c) + 2*n(c). What is d(7)?
9
Suppose -3*i - 4*a + 29 = 0, 56 = 3*i + 2*i - a. Suppose -38 = i*o + 39. Let x(d) = d**3 + 8*d**2 + 8*d + 8. Calculate x(o).
1
Let p(z) be the third derivative of z**6/24 + z**5/60 - z**4/12 - z**3/6 - 927*z**2. What is p(-2)?
-33
Let a(t) = 2*t - 3. Let s(v) = 3*v - 6. Let n be s(6). Suppose n*x - 10*x - 14 = 0. Calculate a(x).
11
Let c(v) = -v**3 - 5*v**2 - 5*v - 6. Suppose -6*q + 12 = -3*q. Suppose -4*b + 14 = -2. Suppose 2*m - 4*d = -b, -4*d - 26 + 6 = q*m. Calculate c(m).
-2
Let g(x) = -2*x**2 + 2*x - 3. Let a = -77 + 82. What is g(a)?
-43
Let g(x) be the second derivative of 2*x**3/3 - x**2/2 + 4*x. Let v be (-2)/(6/(-9)) + 9. Let q be v - 7 - (-2)/(-1). Determine g(q).
11
Let n be (-1 - 9/(-12)) + 15/12. Let l(t) = -2*t**2 - t + 2. Let q be l(n). Let m(i) = -i - 2. Give m(q).
-1
Let g be (-98)/105 + 4/4. Let b(l) be the third derivative of -1/2*l**3 + g*l**5 + 0 - 1/24*l**4 + 1/120*l**6 + 0*l - 5*l**2. Calculate b(-4).
1
Let u(x) = -x**2 - x - 10. Let y be ((-1)/2)/((-17)/(-68)). Let l = y + 2. Give u(l).
-10
Let m(y) = -15*y**2 - 20*y + 3. Let j be m(3). Let r = 195 + j. Let i(k) = k**2 - k + 4. Let g(x) = -x - 1. Let a(w) = 5*g(w) + i(w). Calculate a(r).
-10
Let g(h) = -13*h**3 - 5*h**2 - 6*h + 3. Let r(i) = 12*i**3 + 6*i**2 + 7*i - 4. Let y(u) = 5*g(u) + 4*r(u). Give y(-1).
17
Let h(c) = -c**2 + 6*c - 6. Let p be h(4). Let a = -39 + 45. Let b(o) = 2*o - o**3 + p*o**3 + 3 + 3*o + a*o**2 - 4. What is b(-4)?
11
Let r(v) = -2*v**3 + 13*v + 43. Let w(q) = -q**3 + 6*q + 20. Let c(l) = -6*r(l) + 13*w(l). Determine c(-2).
10
Let m(v) be the third derivative of